{"id":19,"date":"2025-01-04T09:41:11","date_gmt":"2025-01-04T09:41:11","guid":{"rendered":"http:\/\/localhost:10018\/?page_id=19"},"modified":"2025-09-09T11:59:49","modified_gmt":"2025-09-09T09:59:49","slug":"resultados","status":"publish","type":"page","link":"https:\/\/dina.uv.es\/clioviz\/index.php\/resultados\/","title":{"rendered":"Resultados"},"content":{"rendered":"\n<p class=\"has-medium-font-size\">M\u00e1s adelante iremos presentando los resultados del proyecto, aun en fase inicial de desarrollo.<br><\/p>\n\n\n\n<p class=\"has-small-font-size\">Los resultados esperados son:<\/p>\n\n\n\n<p class=\"has-small-font-size\"><a href=\"https:\/\/dina.uv.es\/clioviz\/resultados\/webclioviz\"><strong>RESULTADO 4<\/strong>\u00a0(R4). Web ClioViz<\/a>: En la web con contenido sem\u00e1ntico, se integrar\u00e1n las visualizaciones cient\u00edficas (R2) y el mapa multidimensional (R3). Adem\u00e1s, el usuario podr\u00e1 buscar objetos patrimoniales a trav\u00e9s de esta web y a\u00f1adir filtros (por ejemplo, intervalos de tiempo), de forma que s\u00f3lo se muestren en el mapa los objetos de inter\u00e9s para el usuario.<br><\/p>\n\n\n\n<p class=\"has-small-font-size\"><strong>RESULTADO 1<\/strong>\u00a0(R1). P\u00e1gina web del proyecto y redes sociales: P\u00e1gina web con informaci\u00f3n sobre el proyecto y los resultados. Esta p\u00e1gina incluir\u00e1 el enlace a la Web ClioViz(R4) y a los diferentes canales de redes sociales del proyecto (<a href=\"https:\/\/www.instagram.com\/clioviz\/\">Instagram<\/a>, <a href=\"https:\/\/x.com\/i\/flow\/login?redirect_after_login=%2Fclioviz\">X<\/a>, <a href=\"https:\/\/www.facebook.com\/privacy\/consent\/?flow=ad_free_subscription&amp;params%5Bafs_variant%5D=first_time&amp;params%5Bgcl_experience_id%5D=9a726a5d-5a7d-4f09-866a-9463d054f598&amp;source=ad_free_subscription_blocking_flow\">Facebook<\/a>).<\/p>\n\n\n\n<p class=\"has-small-font-size\"><strong>RESULTADO 2<\/strong>&nbsp;(R2).Colecci\u00f3n de visualizaciones cient\u00edficas, seg\u00fan diferentes casu\u00edsticas.Estas visualizaciones sintetizar\u00e1n enormes cantidades de datos, de forma que puedan ser f\u00e1cilmente digeridas por los humanos. Permitir\u00e1n a los usuarios identificar patrones.<\/p>\n\n\n\n<p class=\"has-small-font-size\"><strong>RESULTADO 3<\/strong>&nbsp;(R3). Mapa multidimensional: a trav\u00e9s de las dimensiones multiespacial y multitemporal, los usuarios podr\u00e1n acceder, de forma interactiva e intuitiva, a los objetos patrimoniales. El mapa mostrar\u00e1 estos objetos y sus incertidumbres y granularidades, tanto geogr\u00e1ficas (espaciales) como hist\u00f3ricas (temporales).<\/p>\n","protected":false},"excerpt":{"rendered":"<p>M\u00e1s adelante iremos presentando los resultados del proyecto, aun en fase inicial de desarrollo. Los resultados esperados son: RESULTADO 4\u00a0(R4). Web ClioViz: En la web con contenido sem\u00e1ntico, se integrar\u00e1n las visualizaciones cient\u00edficas (R2) y el mapa multidimensional (R3). Adem\u00e1s, el usuario podr\u00e1 buscar objetos patrimoniales a trav\u00e9s de esta web y a\u00f1adir filtros (por [&hellip;]<\/p>\n","protected":false},"author":2,"featured_media":0,"parent":0,"menu_order":0,"comment_status":"closed","ping_status":"closed","template":"","meta":{"footnotes":""},"class_list":["post-19","page","type-page","status-publish","hentry"],"_links":{"self":[{"href":"https:\/\/dina.uv.es\/clioviz\/index.php\/wp-json\/wp\/v2\/pages\/19","targetHints":{"allow":["GET"]}}],"collection":[{"href":"https:\/\/dina.uv.es\/clioviz\/index.php\/wp-json\/wp\/v2\/pages"}],"about":[{"href":"https:\/\/dina.uv.es\/clioviz\/index.php\/wp-json\/wp\/v2\/types\/page"}],"author":[{"embeddable":true,"href":"https:\/\/dina.uv.es\/clioviz\/index.php\/wp-json\/wp\/v2\/users\/2"}],"replies":[{"embeddable":true,"href":"https:\/\/dina.uv.es\/clioviz\/index.php\/wp-json\/wp\/v2\/comments?post=19"}],"version-history":[{"count":2,"href":"https:\/\/dina.uv.es\/clioviz\/index.php\/wp-json\/wp\/v2\/pages\/19\/revisions"}],"predecessor-version":[{"id":215,"href":"https:\/\/dina.uv.es\/clioviz\/index.php\/wp-json\/wp\/v2\/pages\/19\/revisions\/215"}],"wp:attachment":[{"href":"https:\/\/dina.uv.es\/clioviz\/index.php\/wp-json\/wp\/v2\/media?parent=19"}],"curies":[{"name":"wp","href":"https:\/\/api.w.org\/{rel}","templated":true}]}}