{"id":32,"date":"2025-01-04T10:01:41","date_gmt":"2025-01-04T10:01:41","guid":{"rendered":"http:\/\/localhost:10018\/?page_id=32"},"modified":"2025-01-23T11:47:04","modified_gmt":"2025-01-23T10:47:04","slug":"antecedentes","status":"publish","type":"page","link":"https:\/\/dina.uv.es\/clioviz\/index.php\/antecedentes\/","title":{"rendered":"ANTECEDENTES"},"content":{"rendered":"\n<div class=\"wp-block-group alignfull has-global-padding is-layout-constrained wp-container-core-group-is-layout-aa487d6d wp-block-group-is-layout-constrained wp-container-1 is-position-sticky\" style=\"margin-top:0;margin-bottom:0\">\n<div class=\"wp-block-columns alignfull is-layout-flex wp-container-core-columns-is-layout-9c22b1e3 wp-block-columns-is-layout-flex\">\n<div class=\"wp-block-column is-layout-flow wp-block-column-is-layout-flow\" style=\"flex-basis:10%\"><\/div>\n\n\n\n<div class=\"wp-block-column is-vertically-aligned-center is-style-default is-layout-flow wp-block-column-is-layout-flow\" style=\"padding-top:var(--wp--preset--spacing--60);padding-right:var(--wp--preset--spacing--60);padding-bottom:var(--wp--preset--spacing--60);padding-left:var(--wp--preset--spacing--60)\">\n<div class=\"wp-block-group is-content-justification-center is-nowrap is-layout-flex wp-container-core-group-is-layout-23441af8 wp-block-group-is-layout-flex\">\n<figure class=\"wp-block-image size-full\"><img loading=\"lazy\" decoding=\"async\" width=\"300\" height=\"300\" src=\"https:\/\/dina.uv.es\/clioviz\/wp-content\/uploads\/2025\/01\/SILKNOWLOGO.jpg\" alt=\"\" class=\"wp-image-105\" srcset=\"https:\/\/dina.uv.es\/clioviz\/wp-content\/uploads\/2025\/01\/SILKNOWLOGO.jpg 300w, https:\/\/dina.uv.es\/clioviz\/wp-content\/uploads\/2025\/01\/SILKNOWLOGO-150x150.jpg 150w\" sizes=\"auto, (max-width: 300px) 100vw, 300px\" \/><\/figure>\n<\/div>\n\n\n\n<div class=\"wp-block-group is-content-justification-center is-nowrap is-layout-flex wp-container-core-group-is-layout-23441af8 wp-block-group-is-layout-flex\">\n<p class=\"has-text-align-center has-medium-font-size\"><a href=\"https:\/\/silknow.eu\/index.php\/evaluation\/test_es\/\"><strong>SILKNOW<\/strong><\/a>&nbsp;(03\/01\/18 \u2013 08\/31\/21): Proyecto del Programa Horizonte 2020 enfocado en el procesado de gran cantidad de datos, y en el uso de la inteligencia artificial para interconectar las colecciones digitales europeas relacionadas con el patrimonio textil de la seda en Europa desde el siglo XV hasta el siglo XIX. Destacar la implementaci\u00f3n espacio-temporal de un conjunto de registros de los cat\u00e1logos existentes, as\u00ed la utilizaci\u00f3n de realidad aumentada para la visualizaci\u00f3n de la estructura interna de los tejidos de seda en forma de modelos 3D. El equipo responsable de ClioViz en la Universitat de Val\u00e8ncia lider\u00f3 tambi\u00e9n este proyecto, coordinando a 9 socios de 6 pa\u00edses, con un presupuesto global de 2,4 millones de euros.&nbsp;&nbsp;<\/p>\n<\/div>\n\n\n\n<hr class=\"wp-block-separator has-alpha-channel-opacity\" style=\"margin-top:var(--wp--preset--spacing--60);margin-bottom:var(--wp--preset--spacing--60)\"\/>\n\n\n\n<div class=\"wp-block-group is-content-justification-center is-nowrap is-layout-flex wp-container-core-group-is-layout-23441af8 wp-block-group-is-layout-flex\">\n<figure class=\"wp-block-image size-medium\"><img decoding=\"async\" src=\"http:\/\/localhost:10018\/wp-content\/uploads\/2025\/01\/Logo-SeMap-300x300.jpg\" alt=\"\" class=\"wp-image-15\"\/><\/figure>\n<\/div>\n\n\n\n<div class=\"wp-block-group is-content-justification-center is-nowrap is-layout-flex wp-container-core-group-is-layout-23441af8 wp-block-group-is-layout-flex\">\n<p class=\"has-text-align-center has-medium-font-size\"><a href=\"https:\/\/www.uv.es\/semap\/\"><strong>SeMap<\/strong><\/a>&nbsp;(04\/01\/20 \u2013 01\/31\/22): Proyecto centrado en mejorar el conocimiento, la conservaci\u00f3n y la difusi\u00f3n del patrimonio cultural usando la informaci\u00f3n digital preexistente del cat\u00e1logo de CERES. Ofrece una visualizaci\u00f3n mediante mapas espacio-temporales de los bienes muebles conservados en los museos medianos y peque\u00f1os, as\u00ed como la vinculaci\u00f3n sem\u00e1ntica. Financiado por la Fundaci\u00f3n BBVA mediante su convocatoria Fronteras del Conocimiento.&nbsp;<\/p>\n<\/div>\n<\/div>\n\n\n\n<div class=\"wp-block-column is-layout-flow wp-block-column-is-layout-flow\" style=\"flex-basis:10%\"><\/div>\n<\/div>\n<\/div>\n","protected":false},"excerpt":{"rendered":"<p>SILKNOW&nbsp;(03\/01\/18 \u2013 08\/31\/21): Proyecto del Programa Horizonte 2020 enfocado en el procesado de gran cantidad de datos, y en el uso de la inteligencia artificial para interconectar las colecciones digitales europeas relacionadas con el patrimonio textil de la seda en Europa desde el siglo XV hasta el siglo XIX. Destacar la implementaci\u00f3n espacio-temporal de un [&hellip;]<\/p>\n","protected":false},"author":2,"featured_media":0,"parent":0,"menu_order":0,"comment_status":"closed","ping_status":"closed","template":"","meta":{"footnotes":""},"class_list":["post-32","page","type-page","status-publish","hentry"],"_links":{"self":[{"href":"https:\/\/dina.uv.es\/clioviz\/index.php\/wp-json\/wp\/v2\/pages\/32","targetHints":{"allow":["GET"]}}],"collection":[{"href":"https:\/\/dina.uv.es\/clioviz\/index.php\/wp-json\/wp\/v2\/pages"}],"about":[{"href":"https:\/\/dina.uv.es\/clioviz\/index.php\/wp-json\/wp\/v2\/types\/page"}],"author":[{"embeddable":true,"href":"https:\/\/dina.uv.es\/clioviz\/index.php\/wp-json\/wp\/v2\/users\/2"}],"replies":[{"embeddable":true,"href":"https:\/\/dina.uv.es\/clioviz\/index.php\/wp-json\/wp\/v2\/comments?post=32"}],"version-history":[{"count":2,"href":"https:\/\/dina.uv.es\/clioviz\/index.php\/wp-json\/wp\/v2\/pages\/32\/revisions"}],"predecessor-version":[{"id":141,"href":"https:\/\/dina.uv.es\/clioviz\/index.php\/wp-json\/wp\/v2\/pages\/32\/revisions\/141"}],"wp:attachment":[{"href":"https:\/\/dina.uv.es\/clioviz\/index.php\/wp-json\/wp\/v2\/media?parent=32"}],"curies":[{"name":"wp","href":"https:\/\/api.w.org\/{rel}","templated":true}]}}